-10).
-190
Let n(h) = -h**3 - 104*h**2 - 2443*h - 1918. What is n(-69)?
14
Let v(p) = p**2 + 662*p + 106525. Give v(-279).
-332
Let g(d) = d**2 + 597*d - 137868. Calculate g(178).
82
Let w(u) = 8*u**3 - 43*u**2 + 1069*u - 5261. Determine w(5).
9
Let c(p) = -58*p**2 - 1660*p - 4. Determine c(-27).
2534
Let z(x) = 39633*x - 634125. Give z(16).
3
Let k(f) = -34*f**2 - 939*f + 27928. Give k(18).
10
Let l(s) = -2019*s + 44332. Give l(22).
-86
Let g(t) = -6*t**3 - 3*t**2 - 2370*t + 16603. What is g(7)?
-2192
Let f(n) = -n**3 + 308*n**2 - 823*n + 64569. Give f(306).
3
Let o(q) = -50920*q + 50944. What is o(1)?
24
Let o(g) = g**2 + 5*g - 7984. Give o(87).
20
Let h(a) = 10126*a + 30370. Calculate h(-3).
-8
Let w(l) = 3*l**2 - 908*l - 20001. Determine w(321).
-2346
Let t(i) = 2*i**2 + 235*i + 6196. Calculate t(-84).
568
Let x(q) = 11*q**2 + 449*q - 1963. What is x(4)?
9
Let t(y) = 2*y**3 - 652*y - 4481. Determine t(-7).
-603
Let l(r) = -282347*r + 2541124. What is l(9)?
1
Let p(n) = -n**2 - 110*n + 14604. Calculate p(79).
-327
Let c(f) = 4*f**3 + 31*f**2 + 25*f + 279. What is c(-8)?
15
Let y(s) = -190*s - 7800. Calculate y(-53).
2270
Let r(u) = u**2 - 141*u + 1875. Give r(124).
-233
Let j(s) = s**2 - 4135*s - 74752. Calculate j(-18).
2
Let l(h) = 7271528*h - 29086117. Calculate l(4).
-5
Let d(r) = -88*r**2 - 974*r - 109. Determine d(-11).
-43
Let h(v) = -3*v**3 + 91*v**2 - 96*v + 1901. Give h(30).
-79
Let y(v) = -532*v**2 + 1515*v + 234. Determine y(3).
-9
Let z(v) = 1624*v**2 - 30*v - 34. Give z(-1).
1620
Let d(h) = 349*h - 42589. Calculate d(122).
-11
Let y(g) = -197*g**2 - 1015*g + 33. Calculate y(-5).
183
Let x(i) = -2*i**3 + 495*i**2 - 745*i + 1694. Determine x(246).
-28
Let u(t) = 11*t**2 + 2288*t - 2478. What is u(-209)?
-179
Let s(a) = 26*a**2 - 1086*a - 13454. What is s(-10)?
6
Let a(j) = j**3 + 15*j**2 - 588*j + 77. Give a(-33).
-121
Let u(x) = -x**2 - 1321*x - 3941. Calculate u(-3).
13
Let i(o) = 4*o**3 - 349*o**2 + 1075*o + 1429. Calculate i(84).
1
Let i(v) = 2*v**3 + 47*v**2 + 241*v - 21. Give i(-24).
-6381
Let o(w) = -w**2 + 13801*w - 1220372. Determine o(89).
-4
Let t(y) = -y**2 + 6540*y - 110894. Determine t(17).
-3
Let x(u) = -262*u**2 - 1572*u + 41. What is x(-6)?
41
Let u(j) = -41*j**3 - 17*j**2 - 41*j + 83. Determine u(-3).
1160
Let z(g) = 45*g**2 + 651*g + 795. Give z(-13).
-63
Let b(g) = -647391*g - 17479549. Determine b(-27).
8
Let u(n) = -n**3 - n**2 + 143*n + 733. Give u(-6).
55
Let j(m) = m**3 + 149*m**2 + 12*m + 178. Calculate j(-149).
-1610
Let d(l) = -2*l**3 + 28*l**2 - 296*l + 2257. Calculate d(8).
657
Let k(b) = b**3 + 40*b**2 - 542*b + 308. Calculate k(-50).
2408
Let v(y) = -22*y**3 - 143*y**2 + 443*y + 11. What is v(3)?
-541
Let q(f) = -21197*f - 148383. What is q(-7)?
-4
Let h(f) = -f**3 - 116*f**2 + 1541*f + 654. Give h(-128).
14
Let s(b) = 5*b**2 - 348*b - 3065. Calculate s(-9).
472
Let t(f) = 5714*f - 140858. What is t(25)?
1992
Let z(s) = -8*s**2 - 739*s + 34171. Calculate z(-126).
277
Let h(o) = o**3 + 321*o**2 + 8614*o + 42639. What is h(-292)?
7
Let u(b) = -36*b**3 - b**2 + 1936*b - 1936. Give u(1).
-37
Let l(h) = h**2 + 263*h + 11760. Determine l(-206).
18
Let p(m) = -18*m**3 - 224*m**2 + 6*m - 79. Calculate p(-12).
-1303
Let y(c) = 435*c - 27453. Calculate y(66).
1257
Let s(j) = 7406*j - 562816. Determine s(76).
40
Let j(g) = 844*g**3 - 3*g**2 + 5995*g - 5996. Give j(1).
840
Let c(l) = 48*l**3 - 4*l**2 - 160*l + 324. Determine c(2).
372
Let m(r) = 2*r**3 - 125*r**2 - 1917*r + 3168. Give m(75).
18
Let f(l) = -18*l**2 - 965*l - 48. Determine f(-54).
-426
Let f(b) = 5*b**2 - 2833*b + 54676. Calculate f(20).
16
Let i(w) = -w**3 - 16*w**2 - 66*w + 113. Determine i(-16).
1169
Let f(x) = -x**2 + 187*x + 9858. What is f(-49)?
-1706
Let m(h) = 34*h**3 + 6222*h**2 - 2*h - 404. Determine m(-183).
-38
Let b(t) = 106*t - 1593. Give b(28).
1375
Let p(m) = -3*m**3 + m**2 - 18848*m + 18847. Calculate p(1).
-3
Let l(m) = -28*m**2 - 1122*m - 5723. Calculate l(-6).
1
Let r(i) = 3149*i - 418861. What is r(133)?
-44
Let v(d) = -d**3 + 29*d**2 + 355*d + 5615. What is v(41)?
-2
Let d(q) = 1132950*q - 1132945. Determine d(1).
5
Let p(f) = -2*f**3 + 268*f**2 + 251*f + 2554. Give p(135).
-11
Let m(h) = h**3 - 22*h**2 - 2*h + 397. Calculate m(21).
-86
Let j(r) = -2*r**3 + 3*r**2 + 11607*r - 11606. What is j(1)?
2
Let t(z) = 3*z**3 - 289*z**2 - 1974*z + 247403. What is t(94)?
-5
Let y(k) = 24*k - 275. Give y(19).
181
Let s(n) = 12*n**3 + 924*n**2 - 130*n - 9998. Determine s(-77).
12
Let k(n) = -36*n**2 - 2563*n - 525. What is k(-71)?
-28
Let n(y) = -2*y**3 - 38*y**2 - 6877*y - 130693. Determine n(-19).
-30
Let r(b) = 31117*b - 8806116. What is r(283)?
-5
Let r(q) = q**3 + 3559*q**2 - 7045*q - 157. Calculate r(2).
-3
Let k(r) = 37*r**2 - 298*r + 73. Calculate k(9).
388
Let l(b) = b**3 + 1110*b**2 + 4464*b + 44235. Determine l(-1106).
-5
Let m(o) = -o**3 - 61*o**2 - 390*o + 1851. Give m(-53).
49
Let m(c) = c**3 + 633*c**2 + 15206*c + 3653. What is m(-608)?
5
Let x(p) = p**3 - 20*p**2 - 1358*p - 9115. Calculate x(-8).
-43
Let k(v) = -7053*v + 7045932. Give k(999).
-15
Let f(d) = -6*d**3 + 96*d**2 + 333*d + 159. Calculate f(19).
-12
Let i(u) = 7*u**2 + 8969*u + 80769. What is i(-9)?
615
Let i(z) = 3*z**3 - 92*z**2 - 65*z + 3803. Calculate i(30).
53
Let p(g) = g**3 + 426*g**2 + 3436*g + 38492. Calculate p(-418).
36
Let t(a) = a**2 - 120*a + 3594. Calculate t(96).
1290
Let k(n) = 52259*n + 313575. Calculate k(-6).
21
Let y(o) = 2*o**2 + 2051*o - 83051. Determine y(39).
-20
Let t(r) = 7*r**2 - 337*r - 263. Determine t(48).
-311
Let r(q) = -2*q**3 - 143*q**2 - 324*q + 1459. What is r(-69)?
10
Let x(y) = -y**3 + 191*y**2 + 1240*y - 11449. What is x(197)?
-23
Let l(w) = 2*w**2 - 63*w - 128281. Determine l(-238).
1
Let b(p) = p**2 + 214*p + 4821. Determine b(-26).
-67
Let t(r) = -38*r**2 + 678*r - 638. Calculate t(17).
-94
Let i(n) = n**2 + 129*n + 1532. What is i(-110)?
-558
Let q(s) = -4*s**2 + 76*s - 464. Calculate q(13).
-152
Let u(t) = -t**3 - 517*t**2 - 27812*t + 1834. Give u(-456).
10
Let x(f) = -41*f**2 + 639*f - 1877. Give x(3).
-329
Let u(y) = 3*y**2 + 40*y - 67040. What is u(143)?
27
Let f(a) = a**2 - 281*a + 11611. Give f(56).
-989
Let u(z) = -3*z**2 - 1216*z - 28541. What is u(-25)?
-16
Let m(s) = -10*s**3 - 563*s**2 - 165*s + 151. What is m(-56)?
-17
Let a(x) = 3*x**2 + 4523*x + 77166. What is a(-17)?
1142
Let j(t) = -74*t**2 - 3031*t + 124. Determine j(-41).
1
Let w(h) = 3*h**3 - 86*h**2 + 583*h - 17756. What is w(29)?
-8
Let g(q) = -1285*q + 6536. Determine g(5).
111
Let r(u) = u**2 + 1935*u + 64609. Calculate r(-34).
-25
Let x(w) = 40949*w + 81365659. Give x(-1987).
-4
Let n(j) = -405*j**2 + 13372*j + 117. Calculate n(33).
348
Let d(o) = -o**3 - 16*o**2 - 451*o - 6348. Calculate d(-15).
192
Let a(h) = -138*h + 239. What is a(1)?
101
Let b(i) = -42339*i + 42352. Give b(1).
13
Let y(m) = -3*m**3 + 110*m**2 - 74*m - 76. Give y(36).
-148
Let k(g) = 221*g**2 + 15034*g + 56. Determine k(-68).
-352
Let y(a) = 160258*a + 2243675. Calculate y(-14).
63
Let o(t) = -2*t**3 + 30*t**2 + 25*t + 705. Give o(16).
593
Let r(q) = -q**3 + 12*q**2 + 3659*q - 7370. What is r(2)?
-12
Let g(b) = -82*b - 2702. What is g(-33)?
4
Let b(u) = u**2 - 148*u - 12325. Give b(208).
155
Let s(w) = -w**2 + 20211*w + 1195888. Determine s(-59).
-42
Let o(b) = 8119*b + 81467. Give o(-10).
277
Let n(s) = -123344*s - 370036. Give n(-3).
-4
Let h(o) = -20331*o - 691344. Determine h(-34).
-90
Let t(f) = f**3 - 110*f**2 + 1376*f - 1340. What is t(13)?
155
Let c(w) = -w**2 + 71*w - 349. Give c(43).
855
Let w(s) = s**2 + 799*s + 89125. Determine w(-134).
15
Let b(c) = 23*c**2 + 949*c + 9124. What is b(-26)?
-2
Let r(k) = -32735*k + 425567. Give r(13).
12
Let k(b) = 41*b**2 + 1603*b - 69. Determine k(-39).
-225
Let n(y) = -2691*y - 10842. Give n(-4).
-78
Let q(v) = v**3 + 102*v**2 - 210*v + 108. Give q(-104).
316
Let s(p) = 54*p - 7195. Calculate s(120).
-715
Let p(g) = 2525*g - 22683. What is p(9)?
42
Let g(d) = -6*d**3 + 47*d**2 - 163*d + 1137. What is g(7)?
241
Let p(b) = -6403*b - 236772. Give p(-37).
139
Let y(h) = 2*h**3 - 25*h**2 - 48*h + 536. Calculate y(12).
-184
Let s(v) = -v**2 + 30669*v + 1320699. Give s(-43).
83
Let s(y) = y**2 - 57*y - 36839. Give s(223).
179
